t of 201107?
7
What is the hundreds digit of 3928001?
0
What is the units digit of 20797?
7
What is the millions digit of 1351660?
1
What is the units digit of 60648?
8
What is the units digit of 363681?
1
What is the thousands digit of 487644?
7
What is the thousands digit of 9163907?
3
What is the tens digit of 19266?
6
What is the thousands digit of 893855?
3
What is the tens digit of 1013758?
5
What is the hundred thousands digit of 212841?
2
What is the hundred thousands digit of 698152?
6
What is the units digit of 3181813?
3
What is the thousands digit of 777438?
7
What is the thousands digit of 887219?
7
What is the hundred thousands digit of 207253?
2
What is the hundred thousands digit of 14887768?
8
What is the hundred thousands digit of 15693534?
6
What is the ten thousands digit of 144463?
4
What is the hundreds digit of 5866?
8
What is the ten thousands digit of 3727831?
2
What is the hundreds digit of 489403?
4
What is the tens digit of 726640?
4
What is the ten thousands digit of 1629573?
2
What is the units digit of 321618?
8
What is the millions digit of 14344025?
4
What is the thousands digit of 265842?
5
What is the hundreds digit of 58650?
6
What is the millions digit of 1274068?
1
What is the tens digit of 356121?
2
What is the ten thousands digit of 13129515?
2
What is the units digit of 1311782?
2
What is the hundred thousands digit of 671812?
6
What is the ten thousands digit of 2220371?
2
What is the thousands digit of 207624?
7
What is the hundreds digit of 1254180?
1
What is the hundreds digit of 110004?
0
What is the hundreds digit of 250136?
1
What is the thousands digit of 10056218?
6
What is the hundreds digit of 69827?
8
What is the hundred thousands digit of 270006?
2
What is the hundred thousands digit of 394179?
3
What is the units digit of 1737883?
3
What is the thousands digit of 492313?
2
What is the hundreds digit of 1194799?
7
What is the hundreds digit of 239314?
3
What is the tens digit of 1345190?
9
What is the hundreds digit of 446692?
6
What is the tens digit of 21071532?
3
What is the millions digit of 12591344?
2
What is the millions digit of 6018526?
6
What is the units digit of 4261705?
5
What is the thousands digit of 1114227?
4
What is the thousands digit of 2043186?
3
What is the millions digit of 12638624?
2
What is the hundred thousands digit of 581179?
5
What is the ten thousands digit of 3637740?
3
What is the hundreds digit of 59635?
6
What is the tens digit of 1821302?
0
What is the millions digit of 1177287?
1
What is the ten thousands digit of 268894?
6
What is the tens digit of 53954?
5
What is the units digit of 507304?
4
What is the tens digit of 2544196?
9
What is the thousands digit of 7479595?
9
What is the units digit of 6048321?
1
What is the ten thousands digit of 389968?
8
What is the units digit of 36190?
0
What is the hundreds digit of 179754?
7
What is the thousands digit of 116442?
6
What is the ten thousands digit of 179752?
7
What is the tens digit of 17220676?
7
What is the thousands digit of 4410076?
0
What is the tens digit of 157127?
2
What is the ten thousands digit of 606924?
0
What is the units digit of 5112119?
9
What is the tens digit of 588750?
5
What is the units digit of 108556?
6
What is the thousands digit of 1712716?
2
What is the hundred thousands digit of 12697954?
6
What is the hundred thousands digit of 195688?
1
What is the hundreds digit of 4323870?
8
What is the thousands digit of 141108?
1
What is the units digit of 87370?
0
What is the millions digit of 3938680?
3
What is the hundreds digit of 2322446?
4
What is the tens digit of 120414?
1
What is the tens digit of 163842?
4
What is the ten millions digit of 10276750?
1
What is the hundred thousands digit of 414007?
4
What is the hundreds digit of 5913805?
8
What is the ten thousands digit of 465206?
6
What is the tens digit of 150099?
9
What is the ten thousands digit of 165125?
6
What is the hundred thousands digit of 195476?
1
What is the thousands digit of 524456?
4
What is the hundreds digit of 27708?
7
What is the tens digit of 19266813?
1
What is the tens digit of 17844251?
5
What is the units digit of 10707164?
4
What is the thousands digit of 1733686?
3
What is the ten thousands digit of 925209?
2
What is the hundreds digit of 658696?
6
What is the ten thousands digit of 1191536?
9
What is the hundreds digit of 425338?
3
What is the units digit of 1893998?
8
What is the tens digit of 9163995?
9
What is the ten thousands digit of 364478?
6
What is the units digit of 32903825?
5
What is the units digit of 7169669?
9
What is the hundreds digit of 462071?
0
What is the thousands digit of 2371025?
1
What is the thousands digit of 175265?
5
What is the ten thousands digit of 1707066?
0
What is the ten thousands digit of 28660111?
6
What is the ten millions digit of 15711098?
1
What is the hundred thousands digit of 200706?
2
What is the ten thousands digit of 3164928?
6
What is the thousands digit of 172112?
2
What is the ten thousands digit of 2844441?
4
What is the hundred thousands digit of 14122555?
1
What is the hundred thousands digit of 208560?
2
What is the ten thousands digit of 965435?
6
What is the hundreds digit of 271201?
2
What is the hundreds digit of 143183?
1
What is the tens digit of 441268?
6
What is the thousands digit of 45675?
5
What is the millions digit of 2098606?
2
What is the ten thousands digit of 1077994?
7
What is the ten thousands digit of 53241?
5
What is the units digit of 288966?
6
What is the thousands digit of 106700?
6
What is the thousands digit of 2432794?
2
What is the ten thousands digit of 1042454?
4
What is the hundred thousands digit of 286576?
2
What is the thousands digit of 1400853?
0
What is the hundred thousands digit of 422751?
4
What is the millions digit of 3111089?
3
What is the thousands digit of 286104?
6
What is the thousands digit of 9655169?
5
What is the thousands digit of 5655371?
5
What is the ten thousands digit of 964297?
6
What is the hundreds digit of 158356?
3
What is the hundred thousands digit of 2651195?
6
What is the units digit of 2153182?
2
What is the hundred thousands digit of 404568?
4
What is the hundred thousands digit of 618741?
6
What is the ten millions digit of 11362287?
1
What is the thousands digit of 360997?
0
What is the units digit of 8167137?
7
What is the ten thousands digit of 563672?
6
What is the thousands digit of 24339154?
9
What is the thousands digit of 16153996?
3
What is the ten thousands digit of 6407907?
0
What is the millions digit of 9786325?
9
What is the tens digit of 145634?
3
What is the ten thousands digit of 614260?
1
What is the hundred thousands digit of 485046?
4
What is the hundreds digit of 190948?
9
What is the tens digit of 4000623?
2
What is the tens digit of 4982777?
7
What is the units digit of 74658?
8
What is the units digit of 15103666?
6
What is the millions digit of 1052874?
1
What is the thousands digit of 19208387?
8
What is the ten thousands digit of 397207?
9
What is the hundreds digit of 301637?
6
What is the hundreds digit of 1311?
3
What is the thousands digit of 9095908?
5
What is the tens digit of 394868?
6
What is the hundred thousands digit of 1015197?
0
What is the hundred thousands digit of 120099?
1
What is the hundreds digit of 179348?
3
What is the hundreds digit of 86864?
8
What is the units digit of 484178?
8
What is the ten thousands digit of 2020256?
2
What is the tens digit of 82282?
8
What is the thousands digit of 6461112?
1
What is the units digit of 4328402?
2
What is the hundred thousands digit of 1634480?
6
What is the tens digit of 123388?
8
What is the hundred thousands digit of 13554537?
5
What is the thousands digit of 431157?
1
What is the millions digit of 3676680?
3
What is the hundreds digit of 4050202?
2
What is the thousands digit of 8793968?
3
What is the units digit of 1906081?
1
What is the tens digit of 3081721?
2
What is the ten thousands digit of 354773?
5
What is the hundred thousands digit of 270162?
2
What is the ten thousands digit of 1337255?
3
What is the hundred thousands digit of 5301100?
3
What is the tens digit of 8155407?
0
What is the ten thousands digit of 1249233?
4
What is the ten millions digit of 11146061?
1